= -40 + 112. What is the remainder when s is divided by 7?
5
Let h = 30 - 17. Suppose 3*s - 63 = z + 52, s - z = 41. Calculate the remainder when s is divided by h.
11
Let q(k) = -24*k**3 + 2*k**2 + 2*k - 1. Calculate the remainder when 67 is divided by q(-1).
21
Let h(o) = -5*o**2 - 2*o + 3. Let f be h(2). Let w be 110/(-7) - (-6)/f. Let b = 30 + w. Calculate the remainder when 25 is divided by b.
11
Let l = 3 + -3. Let s = 13 - l. What is the remainder when s is divided by 7?
6
Suppose 4*o + 45 = 93. What is the remainder when (-202)/(-6) + (-4)/6 is divided by o?
9
Let m(u) = 2*u**2 + 6*u - 6. What is the remainder when m(-7) is divided by 17?
16
Suppose p = -2*o + 25, o - 8 + 3 = p. Suppose m + 3 - 26 = 2*q, -5*m - 4*q = -143. Calculate the remainder when m is divided by o.
7
Let a = -151 - -228. Calculate the remainder when a is divided by 26.
25
Suppose 8 = 4*w - 4. Suppose w*p - 20 = p. Calculate the remainder when 39 is divided by p.
9
Suppose 0 = -3*z - 0*z. Suppose o = -z*o + 19. Calculate the remainder when o is divided by 1*5 - (-50)/10.
9
What is the remainder when 92 is divided by (-6)/33 + 1029/33?
30
Let x be -1*4/3*18. What is the remainder when 79 is divided by (-75)/6*x/15?
19
Let q = -1 + 4. Suppose 11 = v + 4*a - 13, -q*a + 21 = v. What is the remainder when 47 is divided by v?
11
Suppose 0*q + 10 = 2*q. Let m(b) = b - 2. Let z be m(2). Suppose -t - 6 = t - 4*x, z = -q*x + 20. What is the remainder when t is divided by 3?
2
Suppose -5*w + w = 4. Calculate the remainder when w/1 + 0 + 36 is divided by 18.
17
Let z(g) = g**2 + g**2 - 5 - g**2. Calculate the remainder when 37 is divided by z(5).
17
Let h = -30 + 55. Calculate the remainder when h is divided by 15.
10
Let c = 7 - -22. Let z = -18 + c. Calculate the remainder when 30 is divided by z.
8
Let i = 12 - 9. Suppose -p - 3*c = p - 47, -5*c + 71 = i*p. Calculate the remainder when p is divided by 8.
6
Suppose 13*i + 168 = 17*i. What is the remainder when i is divided by 9?
6
Suppose 30 = 5*i + 3*m, -2*i - i - 4*m = -29. Calculate the remainder when 12 is divided by i.
0
Let n be (3/3)/(2/50). Let q = -14 + n. What is the remainder when 31 is divided by q?
9
Let a = 24 + 9. Let g = a - 16. What is the remainder when g is divided by 8 - 3*(-2)/(-3)?
5
Suppose 60 = -i - 4*i. What is the remainder when 77 is divided by (1 - i)/(6/12)?
25
Suppose -5*k = -12 - 13. What is the remainder when 14 is divided by k?
4
Suppose 0 = -j - 3 - 0. What is the remainder when 28 is divided by j*(0 + -2 - 3)?
13
Suppose 0*p = -3*p + 81. Suppose -4*h + 5*c + 42 = -h, -2*c = 5*h - 70. What is the remainder when p is divided by h?
13
What is the remainder when 3*(6 - -1 - 2) is divided by 10?
5
Suppose 2*i + 2*i = 28. Let x = 841 - 821. What is the remainder when x is divided by i?
6
Let q = 3 + -1. Let o = q + 1. Suppose -h + 41 = -o*f, 130 = 5*h - 5*f - 35. Calculate the remainder when h is divided by 10.
9
Let u be 7/(-1)*6/(-21). Calculate the remainder when 7 is divided by 9/6 - u/(-4).
1
Suppose 22 = b - 5. What is the remainder when 105 is divided by b?
24
Suppose -6*c + 5*g = -c - 55, -42 = -4*c + 2*g. What is the remainder when 22 is divided by c - (1 - (-3)/3)?
6
Let v = -3 + 5. Suppose 2*h = -n + 6, 4*h + 3 = v*n - 41. What is the remainder when n is divided by 5?
4
Suppose 37 = -l + 5*b + 106, -122 = -3*l - 2*b. Suppose 3*n - 8 + l = 0. Calculate the remainder when 14 is divided by (n/(-10))/((-3)/(-20)).
6
Suppose w - 30 = 3*a, -2*w + 7*w - 90 = -5*a. What is the remainder when w is divided by 11?
10
Let r = 35 + -29. Calculate the remainder when 17 is divided by r.
5
Suppose 0 = 5*z - 2*j - 47, -z = -3*j - 12 - 0. What is the remainder when 71 is divided by (z - 10)*(1 + -19)?
17
Let b = -90 - -229. What is the remainder when b is divided by 35?
34
Let o(g) = 2*g**3 + 10*g**2 + 9*g + 10. Suppose 0 = 3*y - 2*x - 27, 25 = 4*y + x - 22. What is the remainder when y is divided by o(-4)?
5
Let p(q) be the third derivative of -q**4/8 - 5*q**3/6 - 2*q**2. What is the remainder when 46 is divided by p(-7)?
14
Suppose 4*u + 4 = z + z, 5*z + 14 = 2*u. What is the remainder when (-38)/(-10) - u/15 is divided by 2?
0
Suppose 3*i + 70 = 5*v - 73, 2*v = 4*i + 46. What is the remainder when v is divided by 11?
9
Suppose 4*m - 31 = 169. Calculate the remainder when m is divided by 13.
11
Let t(b) = -b**2 - b + 2. Suppose -4*h - 3*i + i + 4 = 0, -5*i = h + 8. Calculate the remainder when h is divided by t(0).
0
Suppose -v - v - 8 = 0. Let w = v + 5. Calculate the remainder when 2 is divided by w.
0
Let h = 6 - -9. Calculate the remainder when 28 is divided by h.
13
Suppose 2*a = -c - 28, 4*c - 34 = 2*a + 2*c. Let n = -3 - a. Calculate the remainder when 35 is divided by n.
11
Suppose 3*h + 3*s = -s + 35, -s + 11 = h. Suppose 6*y - 89 - 1 = 0. Calculate the remainder when y is divided by h.
6
Let b(q) = q + 30. Calculate the remainder when b(19) is divided by 26.
23
Let f(k) = -21*k + 4. Let j be f(-2). Let y = 78 - j. Let p = 27 + -16. What is the remainder when y is divided by p?
10
Suppose -l + q + 2 = -15, 2*l = 3*q + 36. What is the remainder when l is divided by 6?
3
Let m(s) = -s**3 + 8*s**2 - 6*s - 5. Let v(q) = q**2 - 5*q - 2. Let l be v(5). Let o = 4 + l. Calculate the remainder when m(7) is divided by o.
0
Let p(y) = y**2 + 3*y - 13. Calculate the remainder when p(-6) is divided by 3.
2
Let k(m) be the second derivative of m**3/6 + 3*m**2 + 3*m. Let v be k(0). Suppose 2*q = q + v. What is the remainder when q is divided by 4?
2
Let u(s) = -2*s**3 + 2*s**2 - 6*s - 7. Let z be u(5). Let i be (z/2)/((-2)/4). Calculate the remainder when 46 is divided by 2/10 - i/(-15).
14
Suppose 3*o = -22 + 1. Let d = 10 + o. Calculate the remainder when 5 is divided by d.
2
Suppose -4*x = m - 21, 0 = -x - m - 4*m - 9. What is the remainder when 11 is divided by x?
5
Let k = -10 - -25. Calculate the remainder when 35 is divided by k/(-2)*(-24)/15.
11
Let n = 38 - 23. Let g = 23 + n. What is the remainder when g is divided by 13?
12
Suppose -3*z + 1615 = 2*z + 4*s, -4*z = s - 1281. Let p = z + -460. Let v = p + 206. Calculate the remainder when v is divided by 22.
21
Let r = 18 - 12. Suppose 2*v - 6*v + 8 = 0. Let f(t) = t**3 - 3*t + 2. What is the remainder when r is divided by f(v)?
2
Let k(i) be the third derivative of 0 + i**2 + 0*i + 1/8*i**4 - 1/3*i**3. Calculate the remainder when k(3) is divided by 3.
1
Let f = 192 + -60. Calculate the remainder when f is divided by 34.
30
Suppose h - z + 1 = 0, 2*h - 9 = 3*h - 3*z. Calculate the remainder when 15 is divided by 7/(h/3) - 3.
3
What is the remainder when 89 is divided by (-2)/(-6) + 476/21?
20
Let i = -43 - -60. What is the remainder when i is divided by 9?
8
Suppose -5*n + 73 + 27 = 0. Suppose 0 = 4*l + 2*s - n, 0 = l + 2*l - 3*s - 6. What is the remainder when -1*(-9)/2*2 is divided by l?
1
Let q = 5 - 3. Let h = q - -13. What is the remainder when h is divided by 8?
7
Let n(i) = 3*i**2 - 4*i - 3. Let c(r) = -3*r + 25. Calculate the remainder when c(-8) is divided by n(-2).
15
Let z be (-2)/(-6) - 4555/(-15). Suppose -6*a + z = -2*a. Let v = 107 - a. What is the remainder when v is divided by 16?
15
Let a(f) = f**2 + 5*f + 3. Let j be a(-3). Calculate the remainder when j/(-12) + 119/4 is divided by 11.
8
Suppose 0 = p + p - 5*j - 23, 0 = 4*j + 12. Suppose -49 = -p*l + 179. What is the remainder when l is divided by 15?
12
Suppose -2*k + 11 = -k + 2*b, 4*b = -k + 15. What is the remainder when (1*5)/((-1)/(-4)) is divided by k?
6
Let n = -12 + 98. What is the remainder when n is divided by 13?
8
Suppose 2*d + 13 = 95. Calculate the remainder when d is divided by 13.
2
Let g(h) = 22*h**2 + h. Let n be (-3)/(-4)*(1 - -3). Suppose -6*w + n = -3*w. Calculate the remainder when g(w) is divided by 8.
7
Let f(b) = -b - 5. Let s be f(-7). Suppose -v - y + 14 = 3*v, 0 = -2*v + s*y + 12. Let g = 36 + -23. Calculate the remainder when g is divided by v.
1
Let n = -17 + 30. What is the remainder when 51 is divided by n?
12
Let q = 8 + -3. Calculate the remainder when q is divided by (-6)/(-4)*2*1.
2
Let z be (-1)/(-2) + (-36)/(-8). Let h(g) = 2*g - 5. Let c be h(z). Suppose -11 = -c*p + 2*o, -3*p - o + 15 = 4. What is the remainder when p is divided by 2